 Let q be o*3/(-18)*2. Suppose 0 = 3*r - q*r - 9. What are the prime factors of r?
3
Let s(y) = 27*y**3 + y**2 - 3*y + 3. Let u be s(3). Let c = u + -499. List the prime factors of c.
233
Suppose 2*h + 4*u = h - 14, -2*u - 14 = -3*h. Suppose 0 = -5*z - 3*a + 396, -3*z - h*a + 0*a + 238 = 0. What are the prime factors of z?
2, 3, 13
Let h be -3 - (-1)/2*46. Suppose -28 = -5*j - x, j - h = -4*x - 3. Suppose 0 = -0*m - 2*m - j*c + 82, -46 = -m - 5*c. List the prime factors of m.
2, 3
Let b(v) = -23*v**3 - 4*v - 7. What are the prime factors of b(-2)?
5, 37
Suppose 35*b + 3025 = 50765. List the prime factors of b.
2, 11, 31
Suppose -3*i - 10848 = -19*i. What are the prime factors of i?
2, 3, 113
Suppose z - 2*z = -j + 218, -4*j + 5*z + 874 = 0. What are the prime factors of j?
2, 3
Let l = 2472 + 869. List the prime factors of l.
13, 257
Suppose 9 = 4*b - 3. Suppose 0*i - 3 = -3*i, -b*a = -4*i - 8. Suppose h - 2 = 3*u - 20, 5*u - 47 = -a*h. What are the prime factors of u?
7
Let r be 273/35 + (-1)/(-5). Suppose 3131 - 27 = r*k. Suppose -5*c + k = 63. List the prime factors of c.
5, 13
Let y = -8 - -10. Let t be y/9 - 4/18. Suppose -42 = -s - 4*j, -s + j + 4*j + 24 = t. What are the prime factors of s?
2, 17
Let n(y) = y**2 + 7*y - 5. Let d be n(-8). Suppose d*i - 32 = -2*b, -5*i - 4*b = -32 - 20. List the prime factors of i/(-16)*12/(-3).
3
Suppose -1391 = -5*v + 2504. What are the prime factors of v?
19, 41
Let h(b) be the second derivative of -1/20*b**5 - 5*b - 5/6*b**3 - 1/2*b**2 + 7/12*b**4 + 0. What are the prime factors of h(6)?
5
Let s = -303 - -633. List the prime factors of s.
2, 3, 5, 11
Let q(v) = -2*v**3 - v**2 - v + 2. Let s be q(2). What are the prime factors of 12/s - (-813)/5?
2, 3
Suppose 0 - 2 = -d. Suppose -d*a = -2*j + a + 7, a = -2*j + 3. Suppose 0*i = 5*u + 3*i - 39, 4*u - 32 = -j*i. What are the prime factors of u?
3
Let b be (-130)/25 + 5 + 106/5. Let l(o) = o**3 - 20*o**2 - 9*o + 6. List the prime factors of l(b).
2, 3, 43
Let s be -28*1/((-4)/27). Suppose -4*h + 3*d = -30 - 132, -3*d = 5*h - s. List the prime factors of h.
3, 13
Suppose c - 2*l = -3, 0 = 3*c - l + 4*l. Let q(t) = -3*t - 1. Let k be q(c). Suppose -m = -k*m + 18. List the prime factors of m.
2, 3
Let j(i) = 2*i**2 - 36. Let r be j(-6). Let n = r - 5. What are the prime factors of n?
31
Let k(l) = 6 - 3 - 12*l - 2. List the prime factors of k(-5).
61
Let f(o) = 116*o - 353. List the prime factors of f(14).
31, 41
Suppose 29 = -4*u + 5. Suppose -4*x = -0*x + 28. What are the prime factors of u - x - (-1 - 26)?
2, 7
Suppose 0 = -g + 4*v - 4, 0 = 4*g - 4*v - 0 - 8. Suppose -5*k - 5*u + u + 337 = 0, 0 = g*k + 4*u - 272. List the prime factors of k.
5, 13
Let g = -11 + 27. Let u = -3 + g. List the prime factors of u.
13
Suppose 8*u = 5599 - 807. List the prime factors of u.
599
Let t = 338 - 239. List the prime factors of t.
3, 11
Let s(q) = -q + 3. Let r be s(0). Let l(m) = 0*m**3 + m**r + 0*m + m + 6*m**2 - 5*m + 8. What are the prime factors of l(-6)?
2
Let c = 9 + -23. Let s = 4 - -16. Let k = c + s. List the prime factors of k.
2, 3
Suppose 16*r - 14739 = 12301. List the prime factors of r.
2, 5, 13
Suppose 0 = -2*o - 141 + 365. Let p = -75 + o. Let f = p + -17. List the prime factors of f.
2, 5
Suppose -6*h + 32627 + 3271 = 0. List the prime factors of h.
31, 193
List the prime factors of -5 + 348/68 + (-625846)/(-221).
2, 3, 59
Suppose -4 = -x + 2. Let b = 9 - x. What are the prime factors of (2 - 0) + 54/b?
2, 5
Let y = -60 + 135. Suppose -4*n + y = n. List the prime factors of n.
3, 5
Suppose 2*n - 10 = 5*t, -3*n = -2*n - 4*t - 5. Suppose v = n*d + 71, 2*d + 338 = -3*v + 7*v. List the prime factors of v.
2, 43
Let v(o) = -6*o - 8. Let b(x) = -3*x - 4. Let j(t) = -11*b(t) + 6*v(t). Let k(d) = d + 1. Let w be k(-10). List the prime factors of j(w).
23
Suppose -13 = -8*p + 707. List the prime factors of p.
2, 3, 5
Suppose -22*o + 20*o = 0, 2*o = -m + 40. List the prime factors of m.
2, 5
Let a(w) = 26 + 23 - 29 + 9*w. What are the prime factors of a(11)?
7, 17
Let n = 2557 + -287. List the prime factors of n.
2, 5, 227
Let f(q) = -12*q + 120. What are the prime factors of f(-15)?
2, 3, 5
Suppose 1337 = -2*u - 5*c, 3*c - c + 3290 = -5*u. Let o = -439 - u. What are the prime factors of o?
7, 31
Let h = 24 + -19. Let q = -1 + h. List the prime factors of -21*q/(-12) - 3.
2
Suppose 3*q - 4714 = -b, -5*b - 42*q + 43*q + 23618 = 0. What are the prime factors of b?
4723
List the prime factors of (2 - -979)/3 - -5.
2, 83
Suppose 5*h = -0*h. Suppose h = 5*a - 2*y - 559, 0 = 5*a - 0*y + 3*y - 574. List the prime factors of a.
113
Let k(i) = 1 + 3*i**2 + i + 2*i**2 - 3*i**2 + 2*i**2. Let b be k(-1). Suppose b = 2*d - 18. List the prime factors of d.
11
Let q(j) = -7*j**3 - 5*j**2 - 7*j + 2. Let v(x) = x**3 - 1. Let o(r) = q(r) + 6*v(r). Let y be o(-5). Let a = 57 - y. What are the prime factors of a?
2, 13
Let s be (-2)/16 + (-115)/40. Let z be 10/(9/s - -5). Suppose 4*y = z*f + 21 + 35, -y + 4*f = -14. What are the prime factors of y?
2, 7
Let c = 74 - -37. Let p = c + -12. What are the prime factors of p?
3, 11
Let r be -9*(-5)/15 - (-1 - -342). Let x = -214 - r. List the prime factors of x.
2, 31
Let a(p) = 727*p**3 - 7*p**2 + 5*p + 1. What are the prime factors of a(1)?
2, 3, 11
Suppose -5*g + 3250 = -980. List the prime factors of g.
2, 3, 47
Let x = -43 - -19. Let h = -20 - x. Suppose h*k + 90 = 318. List the prime factors of k.
3, 19
Let i(n) = -4 + n**2 - 7 + n**3 - 5 + n. Let r be i(0). Let x = r + 31. List the prime factors of x.
3, 5
Let f(a) = -a + 1. Let j(n) = -n**2 + 19*n + 8. Let y(u) = 2*f(u) + j(u). What are the prime factors of y(17)?
2, 5
Let n be ((-12)/(-3))/(1/2). Suppose o = 5*o. Let p = n - o. What are the prime factors of p?
2
Let g(r) = r**2 + 1. Let a(f) = -4*f**2 + 2*f - 6. Let d(v) = a(v) + 5*g(v). Suppose 8*k + 39 = 3*k + 4*h, -5 = k + 2*h. What are the prime factors of d(k)?
2, 17
Suppose 18*a = 20*a - 938. List the prime factors of a.
7, 67
Suppose h - 20 = -4*h. List the prime factors of 3 + 12*((-62)/(-4) + h).
3, 79
Let l = 32 - -17. Let n = l + -23. List the prime factors of n.
2, 13
Let b be (1 - 2)/((-11)/44). What are the prime factors of (-22)/(110/(-25) + b)?
5, 11
Let n = 260 + -220. What are the prime factors of n?
2, 5
Let m = -41 + 19. Let b = -15 - m. What are the prime factors of b?
7
Suppose -690 = -12*t + 10*t. Suppose 2*a = 7*a - t. Suppose 4*i = 95 + a. What are the prime factors of i?
41
Suppose -15*y = 69 - 5304. What are the prime factors of y?
349
Suppose 0 = -2*j + 34 + 46. Let y = 215 + j. What are the prime factors of y?
3, 5, 17
Suppose 10 = 3*w - 140. Suppose w - 300 = 5*b. Let t = b - -89. List the prime factors of t.
3, 13
Let q = 8112 - 4378. What are the prime factors of q?
2, 1867
Let s(v) = -3*v + 25. Let j be s(-12). Let z = -9 + j. List the prime factors of z.
2, 13
Suppose -2222 = -2*s + 22*m - 20*m, 0 = -2*s - 4*m + 2222. List the prime factors of s.
11, 101
What are the prime factors of 15 - -1*(-4)/1?
11
Let r(y) = -20*y + 6. Suppose -12 = 3*k, -4*k = 2*f - 3*f + 33. Let z(u) = -7*u + 2. Let g(t) = f*z(t) - 6*r(t). List the prime factors of g(6).
2
Suppose 5*b + 44 = -16. What are the prime factors of (-1)/(20/b) - 2196/(-15)?
3, 7
Let v = -23 - -29. Suppose -2*w - 2 = 0, 0*w = 5*i - 4*w + v. List the prime factors of i/(-4) - (-549)/18.
31
Let v = 2506 + -524. What are the prime factors of v?
2, 991
Suppose -6 = -l - 3*t, 4*t - 16 = 3*l - 5*l. Let c(k) = l + 6*k - 4 - 3*k. List the prime factors of c(6).
2, 13
Let u(o) = -3*o**2 - 42*o + 2. Let a be u(-14). Let q be (0*(-2)/4)/1. Suppose 46 = a*d - q*d. List the prime factors of d.
23
Let n(h) = -h**2 + 2*h + 3. Let a be n(0). Suppose -3*r = -3*c + c + 114, a*r - 12 = 0. Let z = 88 - c. What are the prime factors of z?
5
List the prime factors of (-3)/2*-1 - (-3702)/12.
2, 5, 31
Suppose 0 = 4*p + i - 4*i - 24, 3*p + 2*i = 18. Let q(f) = 2*f**2 + 3*f - 20. What are the prime factors of q(p)?
2, 5, 7
Let t = 26 - 22. Suppose -5*h = -t*a - 82, 47 = 4*h + a + 2*a. Suppose -2*o = -o - h. What are the prime factors of o?
2, 7
Let c(x) = -x**2 - 9*x - 3. Suppose 4 - 26 = -2*k. Let z = -17 + k. What are the prime factors of c(z)?
3, 5
What are the 